. Let l(v) = 16*v + 4. Calculate l(b).
-108
Let v be (2 - -4)*(55/2)/5. Suppose 3*f - 12 = -v. Let t(q) = -1 + 5*q + 0 - 4*q + 8. What is t(f)?
0
Let j(y) = -2*y**2 + 4*y + 5. Let a be ((-8)/7 - -2)*(616/33 - 14). Give j(a).
-11
Let s = -23 - -16. Suppose -4*d - 4*h = h - 16, 4*h - 29 = -5*d. Let i(v) = -3 - d + 6*v + 6 - 2 + v**2. Calculate i(s).
-1
Let y be (-1*1 - 1) + (-20)/(-165)*66. Let x(p) = p**3 - 9*p**2 + 20*p - 9. What is x(y)?
3
Let r = 54 - 47. Let u(f) = 2*f + r*f - 2 - 3 + 6. Give u(1).
10
Let n = -8840 - -8820. Let c(d) = -11*d - 201. Calculate c(n).
19
Let b be 86/(-18) - 4*3/54. Let r be ((-56)/(-20) - 2)/((-2)/b). Let k(d) = d**2 - 3*d + 1. Give k(r).
-1
Let l = 6318 - 6318. Let c(p) = -32*p. Calculate c(l).
0
Let l(s) = -21370*s - 85476. Let j be l(-4). Let q(f) = -f**2 + 6*f - 2. Let r(c) = c - 1. Let t(b) = q(b) - 3*r(b). What is t(j)?
-3
Suppose 0 = 3*t - 1 + 4. Let z be (-4 - (-130)/25)*40/t. Let r be (-3)/8 - (-126)/z. Let h(f) = 5*f + 2. Give h(r).
-13
Suppose 0 = 12*x - 42 + 138. Let z be 3*2/3*12/x. Let c(h) = h + 1. Let g(p) = 3*p + 8. Let l(s) = -4*c(s) + g(s). What is l(z)?
7
Let s = 3 - 2. Let p(i) = 6*i**2 - 2*i. Let d be p(s). Let l(v) = 2*v**2 + 2 + d - 11*v - v**2 + 17*v. Calculate l(-5).
1
Let r = -12 - -18. Let z(i) be the first derivative of 45 - 1/3*i**3 + 5/2*i**2 - 2*i. Give z(r).
-8
Let c(h) = -h - 1. Let t(m) = -7*m - 6. Let a(s) = 1. Let v(w) = -4*a(w) + t(w). Let z(q) = -22*c(q) + 2*v(q). Determine z(3).
26
Suppose 3*j = -5*d + 20 + 11, 5*d - 21 = 2*j. Let f(p) = 4*p + 3*p - p**j - 4 - 2*p + 1 + 0*p. Suppose -m + 3*o + 14 = 8*o, 0 = -2*m - o + 10. Give f(m).
1
Let a(b) = -31*b - 62 - 35*b + b + 61*b. Determine a(-17).
6
Let w(x) be the third derivative of 0 + 2*x**2 + 1/3*x**3 + 0*x - 1/60*x**5 + 5/24*x**4. Let m be (4/12)/(2*(-4)/(-72)). Give w(m).
8
Let b(j) be the third derivative of -1/8*j**4 + 0*j - 1/120*j**6 - 1/10*j**5 - 99*j**2 - 1/2*j**3 + 0. Let w = -8 - -3. Determine b(w).
-13
Let h(t) = 8*t**2 + 9*t + 8. Let s(z) = 21*z**2 + 29*z + 24. Let u(j) = -8*h(j) + 3*s(j). Calculate u(6).
62
Let p(n) = 9*n + 1. Suppose 2*s = u - 6, 3*s + 13 = u + 5. Let y be (u/(-5))/((-5)/(-25)). Give p(y).
-17
Let s(z) be the first derivative of -z**2/2 + 23*z + 205. Calculate s(-16).
39
Let p = 1008 - 1417. Let q = p + 412. Let l(d) = -d**3 + 2*d**2 - d + 4. What is l(q)?
-8
Let b(c) = -c**3 - 5*c**2 + c - 33. Let j(f) = -6*f**2 + 7*f + 4. Let n be j(2). Determine b(n).
-3
Let o(d) = d**3 - 13*d**2 + 13*d - 14. Let m be 2*((-6 - -9) + 190). Let w = 398 - m. Give o(w).
-2
Let k = -43 + 47. Suppose 0 = -2*c - 3*m + 6, c - 2*m - 1 = 2. Suppose 4*o = -k*s, 0 = -o + c*s - 2*s + 2. Let d(p) = -2*p**2 - p + 1. What is d(o)?
-2
Suppose -16*x = -2169 - 1351. Let g = x + -218. Let u(l) = 3*l**3 - 2*l**2 + 2*l + 2. Give u(g).
22
Let q(l) be the third derivative of -l**6/120 - 4*l**5/15 + 7*l**4/8 - 11*l**3/3 - 43*l**2 - 1. Calculate q(-17).
-90
Let t(v) = v**2 - v - 5. Let p be -1 - (-3 + -1 + -2). Let q(g) = -g**3 + 6*g**2 - 16*g - 5. Let r be q(p). Let f be 58/15 + (-8)/r. Calculate t(f).
7
Suppose -153*q + 175*q - 36 = 8. Let v(z) = 14*z - 5. Calculate v(q).
23
Let p(h) = -20*h + 31. Let r(u) = -114*u + 153. Let y(b) = 21*p(b) - 4*r(b). Give y(-6).
-177
Let s(q) be the first derivative of -q**2/2 - 36*q - 2368. What is s(3)?
-39
Let m(h) = -h**3 + 3*h**2 - 2*h + 3. Let g be (-3 + 4)/((-1)/(-6)). Suppose -3*f + g = -0*f. Suppose r = z - 8, -4*z = z + f*r - 5. Determine m(z).
-3
Suppose -128 = 111*l - 17*l + 530. Let p(z) = 24*z + 113. What is p(l)?
-55
Suppose 2*s = -5*c - 8, -12 = 2*c + 6*s - 3*s. Let i(b) be the second derivative of -b**5/20 - b**4/12 + b**2 - 4*b. Determine i(c).
2
Let l(s) = -4*s + 13. Let a(u) = -2*u - 63. Let x be a(-27). What is l(x)?
49
Suppose 39 - 63 = -24*q. Let i(w) = -3*w - 1. Calculate i(q).
-4
Let i = -712 - -718. Let r(s) = -2*s**3 + 1. Let n be r(-1). Let b(q) = 5*q + 1 - 5*q - 2*q + n*q. Give b(i).
7
Suppose -30*v + 15*v = -330. Let a(b) = b**2 - 20*b - 42. Determine a(v).
2
Let m be (7/3)/((-2)/6). Let n(y) = 19*y + 10. Let s(i) = 3*i + 1. Let w be (-14)/3 - 68/51. Let c(g) = w*s(g) + n(g). Calculate c(m).
-3
Let c = 4397 + -4411. Let v(h) = -h**3 - 15*h**2 - 16*h - 14. Calculate v(c).
14
Let h(k) = 2*k**3. Let n(a) = -a**2 + 3*a - 1. Let o(b) = h(b) - n(b). What is o(-3)?
-35
Let h(z) = 147*z + 1623. Let j be h(-11). Suppose d + 3 = 4*l, -d + 11 = -l + 4*l. Let f(q) = -1 - 8*q - 3*q**l + 7 + 4*q**2. Calculate f(j).
-6
Suppose 3*q + 5861 = 5834. Let h(y) = y**2 + 13*y + 29. Give h(q).
-7
Let k(d) = 3*d**3 + 4*d**2 + 4*d + 3. Let h = -5 + 9. Suppose 6*l - 8 = h*l. Suppose -l = -u - 6. Give k(u).
-13
Let m(r) be the third derivative of r**5/60 + 3*r**4/2 + 20*r**3/3 - 3421*r**2. Give m(-35).
5
Let u(n) be the second derivative of n**5/20 + n**4/6 - 5*n**3/2 + 2*n**2 - 238*n. What is u(-5)?
4
Let y(c) be the first derivative of -c**5/30 - c**4/3 + 2*c**3 + 20*c**2 - 197. Let i(v) be the second derivative of y(v). Determine i(-5).
2
Let o(r) = -98*r + 20. Let y(w) = 165*w - 36. Let n(j) = 5*o(j) + 3*y(j). Let q = 2 + 4. Give n(q).
22
Let m(r) be the third derivative of -r**4/8 + 7*r**3/6 + 15*r**2. Suppose 12*d - 14*d = 4. Let h(w) = -16*w + 35. Let p(b) = d*h(b) + 11*m(b). Give p(7).
0
Let s(t) = t**2 - 7*t - 82. Let z = -714 + 727. What is s(z)?
-4
Let b(r) = -r - 4. Let k(y) = y**2 - 2*y - 40. Let j be k(7). Let f be (0 + 0)/((-10)/j). Determine b(f).
-4
Let b(u) = 9*u**2 + 12*u + 3. Let j(i) = -2*i**2 - 3*i. Let r(n) = -b(n) - 4*j(n). Suppose 3*t - 11 = -0*t + o, t = -o + 1. Calculate r(t).
-12
Let z(f) = -f**3 + f**2 + 2*f - 1. Suppose -26*i = -24*i + 84. Let t be ((-4)/14)/(6/i). What is z(t)?
-1
Let u(m) be the second derivative of -m**3/6 - 3*m**2 + 2*m. Let l(i) = -3*i**2 + 4*i + 12. Let h = 260 + -262. Let y be l(h). Give u(y).
2
Suppose -88 = 5*r - 9*r + 4*v, 2*r - 4*v - 34 = 0. Suppose 37*z - 28*z = r. Let l(g) be the first derivative of -g**3/3 - g**2 - 3*g - 1. What is l(z)?
-18
Let g(m) be the third derivative of -m**5/60 + 5*m**4/24 - 7*m**3/3 + 1106*m**2. Determine g(5).
-14
Let y(t) be the first derivative of -7*t**2/2 + 13*t + 931. Give y(5).
-22
Let s(p) = p**3 + 2*p**2 - p + 2. Let d(g) = -7*g - 61. Let t(m) = -7*m - 65. Let h(k) = 5*d(k) - 4*t(k). Let v be h(-6). Give s(v).
-4
Let u(t) = -2. Let r(m) = -4*m + 6. Let v = 35 - 34. Let l(y) = v*r(y) + 2*u(y). Give l(2).
-6
Let x(u) be the second derivative of u**4/2 + u**2/2 + 7*u. Let b = -3224 - -3225. Determine x(b).
7
Let p(x) = -x**2 - 5*x - 3. Let n(g) = -106*g**3 - 108*g**3 + 325*g**3 - 112*g**3 + 135*g - 4 - 6*g**2. Let o be n(9). Determine p(o).
1
Let j(b) = 1 + 3*b**3 - 51084*b - 6*b**2 + 0*b**3 - 4*b**3 + 51110*b. What is j(-9)?
10
Let t = -1640 - -1646. Let y(p) = 3*p + 16 - 8 + 6 - p**2. Give y(t).
-4
Suppose -353*h = -335*h - 90. Let f(y) = y - 31. Calculate f(h).
-26
Let p(m) = -m**3 - 8*m**2 + 7*m - 17. Let a = -19 - -10. Let v be p(a). Suppose -3*q + 2*q = v. Let b(u) = 12*u**2 - 1. Calculate b(q).
11
Let n(o) = o**2 + 7*o + 7. Let b = -362 + 366. Suppose y = b*y + 9. What is n(y)?
-5
Let o(t) = -t - 1. Let d be (-25)/(-10) - 2/(-4). Let v(i) = -11 + d + 4*i + 5. Let s(q) = -5*o(q) - v(q). Determine s(-6).
2
Let z(g) = -g**2 + 28*g + 2209. Let t be z(-35). Let b(o) = o**2 + 53*o - 227. Determine b(t).
1
Let d(o) be the third derivative of 0*o + 0 - 1/2*o**3 - 129*o**2 - 1/24*o**4. Determine d(-6).
3
Let i(b) be the first derivative of b**4/4 + 5*b**3/3 - 8*b**2 - 9*b + 2146. Give i(-7).
5
Suppose -2*b + 29*f = 27*f + 44, -18 = b + f. Let q(m) = -m**3 - 21*m**2 - 23*m - 56. Determine q(b).
4
Suppose 0*j + 3*i + 116 = j, -j + 2*i + 114 = 0. Let a = 114 - j. Let c(x) = -x + a + 1 - 4. Give c(1).
0
Suppose -234 - 126 = -18*h. Suppose -a - 3*a - h = -y, 4*y - 25 = 5*a. Let t(f) = f**2 + 9*f + 4. Determine t(a).
-16
Let z = 9558 - 9547. Let u = 15 + -8. Let o(j) = -j - j + 10 - 2 + u. Give o(z).
-7
Let r = 243 - 247. Let i(t) = -t - 1. Let g(b) = 7*b + 9. Let s(q) = -g(q) - 5*i(q). Give s(r).
4
Let b be ((-96)/96)/((-12)/8*(-2)/36). Let k(n) = n**3 + 12*n**2 + 3*n - 7. What is k(b)?
-43
Let m(x) = 62*x + 247. Let h(f) = 13*f**3 - 170*f**2 + 25*f - 160. Let d be h(13). Determine m(d).
-1
Suppose 33*m =